the remainder when 13454 is divided by 132?
122
What is the remainder when 89436 is divided by 4964?
84
What is the remainder when 424 is divided by 405?
19
Calculate the remainder when 583 is divided by 453.
130
Calculate the remainder when 3088 is divided by 769.
12
Calculate the remainder when 2168 is divided by 2164.
4
Calculate the remainder when 36310 is divided by 100.
10
What is the remainder when 21873 is divided by 36?
21
What is the remainder when 216514 is divided by 683?
3
What is the remainder when 19284 is divided by 477?
204
What is the remainder when 8285 is divided by 2035?
145
What is the remainder when 60798 is divided by 754?
478
What is the remainder when 210 is divided by 80?
50
What is the remainder when 1354 is divided by 654?
46
What is the remainder when 1464 is divided by 152?
96
Calculate the remainder when 124052 is divided by 14.
12
What is the remainder when 35616 is divided by 14?
0
Calculate the remainder when 10710 is divided by 149.
131
What is the remainder when 3721 is divided by 30?
1
What is the remainder when 9049 is divided by 764?
645
Calculate the remainder when 1296 is divided by 1247.
49
What is the remainder when 251368 is divided by 570?
568
Calculate the remainder when 15229678 is divided by 744.
742
What is the remainder when 3978 is divided by 131?
48
What is the remainder when 2780 is divided by 396?
8
Calculate the remainder when 6152 is divided by 1535.
12
What is the remainder when 37273 is divided by 847?
5
Calculate the remainder when 4391 is divided by 1094.
15
What is the remainder when 3519 is divided by 283?
123
Calculate the remainder when 213239 is divided by 40.
39
Calculate the remainder when 7992 is divided by 205.
202
What is the remainder when 493355 is divided by 280?
275
What is the remainder when 111958 is divided by 10?
8
What is the remainder when 18550 is divided by 364?
350
What is the remainder when 160194 is divided by 145?
114
What is the remainder when 15214 is divided by 22?
12
What is the remainder when 5657 is divided by 10?
7
Calculate the remainder when 70673 is divided by 431.
420
Calculate the remainder when 99965 is divided by 51.
5
Calculate the remainder when 10019 is divided by 85.
74
What is the remainder when 163676 is divided by 295?
246
What is the remainder when 16409 is divided by 10?
9
What is the remainder when 24620 is divided by 6150?
20
Calculate the remainder when 331524 is divided by 66304.
4
Calculate the remainder when 1717 is divided by 561.
34
What is the remainder when 393 is divided by 13?
3
What is the remainder when 46108 is divided by 1397?
7
Calculate the remainder when 9977 is divided by 712.
9
What is the remainder when 80 is divided by 14?
10
What is the remainder when 31078 is divided by 10359?
1
Calculate the remainder when 6997 is divided by 1686.
253
What is the remainder when 801464 is divided by 15?
14
Calculate the remainder when 69 is divided by 34.
1
What is the remainder when 338428 is divided by 6043?
20
What is the remainder when 1865 is divided by 1220?
645
What is the remainder when 44356 is divided by 3168?
4
What is the remainder when 12087 is divided by 45?
27
Calculate the remainder when 7127 is divided by 1423.
12
What is the remainder when 9174 is divided by 8759?
415
What is the remainder when 1466 is divided by 28?
10
Calculate the remainder when 7364 is divided by 1723.
472
What is the remainder when 76758 is divided by 15349?
13
Calculate the remainder when 277271 is divided by 711.
692
What is the remainder when 6798 is divided by 67?
31
What is the remainder when 15563 is divided by 79?
0
What is the remainder when 1588 is divided by 1566?
22
What is the remainder when 896 is divided by 86?
36
Calculate the remainder when 2026 is divided by 1816.
210
What is the remainder when 29410 is divided by 157?
51
Calculate the remainder when 17692 is divided by 420.
52
Calculate the remainder when 1179 is divided by 665.
514
Calculate the remainder when 74982 is divided by 18731.
58
What is the remainder when 780 is divided by 126?
24
What is the remainder when 815 is divided by 122?
83
What is the remainder when 913273 is divided by 1039?
1031
What is the remainder when 7002 is divided by 189?
9
What is the remainder when 75714 is divided by 95?
94
What is the remainder when 251622 is divided by 17?
5
Calculate the remainder when 10051 is divided by 65.
41
What is the remainder when 141936 is divided by 47309?
9
What is the remainder when 2615 is divided by 1121?
373
What is the remainder when 35907 is divided by 7179?
12
What is the remainder when 47098 is divided by 75?
73
What is the remainder when 1355174 is divided by 225?
224
What is the remainder when 4686 is divided by 15?
6
What is the remainder when 3260 is divided by 3258?
2
What is the remainder when 11456 is divided by 2737?
508
Calculate the remainder when 484 is divided by 241.
2
Calculate the remainder when 3983639 is divided by 1335.
1334
Calculate the remainder when 7880 is divided by 116.
108
What is the remainder when 101427 is divided by 271?
73
What is the remainder when 12658 is divided by 2531?
3
What is the remainder when 6471 is divided by 494?
49
Calculate the remainder when 106456 is divided by 21.
7
What is the remainder when 28911 is divided by 1071?
1065
What is the remainder when 12244 is divided by 78?
76
Calculate the remainder when 3006 is divided by 2956.
50
Calculate the remainder when 2002 is divided by 159.
94
Calculate the remainder when 1413 is divided by 140.
13
Calculate the remainder when 25451 is divided by 37.
32
Calculate the remainder when 45716 is divided by 21.
20
What is the remainder when 958 is divided by 237?
10
What is the remainder when 89774 is divided by 82?
66
What is the remainder when 41271 is divided by 65?
61
Calculate the remainder when 4334 is divided by 483.
470
What is the remainder when 306712 is divided by 194?
192
What is the remainder when 19178 is divided by 14?
12
What is the remainder when 91996 is divided by 1353?
1345
Calculate the remainder when 61393 is divided by 22.
13
Calculate the remainder when 8397 is divided by 255.
237
Calculate the remainder when 22701 is divided by 1337.
1309
Calculate the remainder when 20417 is divided by 1855.
12
Calculate the remainder when 10723 is divided by 10427.
296
What is the remainder when 515718 is divided by 33?
27
What is the remainder when 85199 is divided by 6?
5
What is the remainder when 1778416 is divided by 73?
63
Calculate the remainder when 7558 is divided by 24.
22
What is the remainder when 188330 is divided by 12554?
20
What is the remainder when 90834 is divided by 2759?
2546
Calculate the remainder when 50375 is divided by 44.
39
Calculate the remainder when 46487 is divided by 189.
182
Calculate the remainder when 50310 is divided by 152.
150
What is the remainder when 174062 is divided by 119?
84
What is the remainder when 86021 is divided by 27?
26
What is the remainder when 20617 is divided by 6854?
55
Calculate the remainder when 70432 is divided by 8798.
48
Calculate the remainder when 4359 is divided by 230.
219
Calculate the remainder when 22860 is divided by 846.
18
Calculate the remainder when 8393 is divided by 1.
0
What is the remainder when 19881 is divided by 6238?
1167
Calculate the remainder when 1367 is divided by 789.
578
Calculate the remainder when 1008 is divided by 352.
304
Calculate the remainder when 7378 is divided by 90.
88
Calculate the remainder when 20798 is divided by 19.
12
Calculate the remainder when 607412 is divided by 251.
243
Calculate the remainder when 1689 is divided by 54.
15
Calculate the remainder when 210997 is divided by 250.
247
Calculate the remainder when 15329 is divided by 428.
349
What is the remainder when 76733 is divided by 53?
42
What is the remainder when 23000 is divided by 9?
5
What is the remainder when 2080 is divided by 140?
120
Calculate the remainder when 256055 is divided by 1407.
1388
Calculate the remainder when 3935 is divided by 263.
253
What is the remainder when 63007 is divided by 1016?
15
What is the remainder when 239129 is divided by 282?
275
What is the remainder when 3802 is divided by 151?
27
Calculate the remainder when 9907 is divided by 2.
1
What i